(s) = -s - 8. Let i be (4 + 2)/(6/(-4)). Let t be n(i). Determine w(t).
-2
Suppose 3*o = -2*a - 10, -3*o = a + 8 + 3. Let w = -19 - a. Let y = -20 - w. Let t(p) = -p**2 + 5. Give t(y).
5
Let v(u) = u**2 - u - 7. Let s be (-2)/(0 + 8) + 399/(-84). Let f(q) = -q**2 + 8. Let g(z) = s*v(z) - 4*f(z). Calculate g(6).
-3
Suppose b - 12 = -2*b. Suppose l + 26 = -b*k, 0 = 5*k - 3*l + 34 + 7. Let h(s) = s**3 + 6*s**2 - 7*s + 4. What is h(k)?
4
Let w(u) = 140*u**2 - 6 + u - 277*u**2 + 139*u**2. Calculate w(4).
30
Let k(y) = 28*y - 169. Let a be k(6). Let m(i) = i**2 + i. Calculate m(a).
0
Let x(k) = k**2 + 5*k - 7. Let l(j) = -j. Let w(z) = -2*l(z) + x(z). Calculate w(-6).
-13
Suppose 16 = m - 3*p, 6*m - m = -4*p + 4. Let w(k) be the third derivative of 0 + 0*k**3 - 1/40*k**6 + 1/60*k**5 + m*k**2 + 0*k + 0*k**4. What is w(-1)?
4
Suppose 13 = 4*t - m, 5*t + m = 8 + 6. Let b(p) = p**3 + 3*p + 0 - 4 - p**3 + 3*p**2 - p**t. Suppose 5*x + 0*k - 2*k - 15 = 0, -3 = -x - 4*k. What is b(x)?
5
Let z(j) = 2*j**2 - 4. Suppose 4*v = v + 6. Let t be z(v). Suppose 0 = t*p - 0*p. Let u(n) = n**2 + 5. Calculate u(p).
5
Let v(s) = 3*s - 8. Suppose -2*h = 5*o, -27*h + 31*h = 5*o - 30. Determine v(o).
-2
Let r be (-20)/3*(-27)/6. Let s be (6/(-10))/((-2)/r). Suppose 2*h - 3 = -s. Let j(a) = -a**2 - 4*a + 2. Give j(h).
5
Suppose 5*j + 10*k = 5*k + 15, 5*k = -4*j + 10. Suppose -f - 20 = y - j*f, 5*y - 5*f = -40. Let z(g) = -g - 21*g**2 - 4 + 0*g**2 - g**3 + 17*g**2. What is z(y)?
0
Let p(a) = 10*a + a**3 - 14*a + 2 + 4*a**2 - 3 + 2. Give p(-5).
-4
Let m(n) = -n. Let k(p) = p - 2. Let i(a) = -3*k(a) + 6*m(a). Let o(c) = 4*c - 3. Let g(r) = 2*i(r) + 5*o(r). Let y be (-1)/4 - (-44)/(-16). Give g(y).
-9
Suppose 2*u = -3*s + 31, 5*s - 13 = s + 3*u. Let t(f) be the second derivative of -f**5/20 + 2*f**4/3 - 4*f**3/3 + 3*f**2/2 + f + 65. Give t(s).
-4
Let m(v) = -5*v - 110*v**2 + 9*v + 2 + 112*v**2. Calculate m(-4).
18
Let z(m) = -m**3 + 3*m**2 - m + 4. Let p be 0 - (-6 + 5 + -1). Let j be z(p). Let l(x) = x**2 - 7*x - 5. What is l(j)?
-11
Let b(a) = 3*a - 27. Let x(p) = -p**3 - 44*p**2 + 42*p - 129. Let o be x(-45). Calculate b(o).
-9
Let g be (-1)/(60/(-16) + 4). Let d(t) = 2*t + 2. Let w be d(g). Let n(z) = z**3 + 6*z**2 + 1. What is n(w)?
1
Let y(t) = 6*t + 8*t - 9*t - 8*t - 3. Determine y(2).
-9
Let k(x) = -3*x + 110*x**2 - 1 - 4*x**3 - x + 2*x - 111*x**2. Calculate k(-1).
4
Let r(t) = -5*t - 20*t + 174 - 175. Let f be ((-8)/(-12))/(2/(-3)). Calculate r(f).
24
Let u(t) = t**3 - 5*t**2 + 4*t - 4. Suppose a = -5*o - 20, -3*a + 3*o = 1 - 31. Calculate u(a).
16
Suppose 8 = -3*i + 4*f, 24*f = 29*f - 25. Let x = 1 - -1. Let j(u) = u - x*u - 2*u - u**3 - 4 + 5*u**2 - 2*u. Give j(i).
-8
Let j(z) = -z**3 + 6*z**2 - 3*z + 1. Let w be 3/(-2) + 14/4. Suppose -4*c + 44 = -4*o, -w*c + 5 = 3*c + 5*o. What is j(c)?
-17
Let y(w) be the second derivative of w**4/12 - w**3 + w**2 - 35*w - 2. What is y(5)?
-3
Let x be 48/9 + 1/(-3). Suppose 4*t + 2*s = 4, 0 = -4*t - x*s - 10 + 2. Suppose 4 = 3*m - 2*o - 4, 12 = -3*m - t*o. Let g(y) = -y**3 - y**2 - 6. Determine g(m).
-6
Suppose -3*d + 18 = 3. Let t be -3 - (2 + 22*(-2)/4). Let p(n) = t*n - 2*n - d*n - 5. Calculate p(-5).
0
Let n(d) = -2*d**2 + 5*d + 10. Let q(g) = 2*g**2 - 6*g - 12. Let w(s) = 5*n(s) + 4*q(s). Determine w(2).
-4
Let q(x) = 2*x - 15. Let u(s) = -2*s**2 + 26*s - 14. Let k be u(12). Give q(k).
5
Let g(z) = 1 + 2 + 2984*z**2 - 2983*z**2 - 5*z. Suppose -3*j + 37 = 1. Let f = j + -7. Determine g(f).
3
Let a(f) = -9*f**2 + 7*f - 2236 + 2246 - f**3 + 3*f**3 - f**3. Give a(8).
2
Let s(i) = i**3 - 4*i**2 + i - 3. Let g(n) = -2*n + 27. Let v(b) = b - 14. Let j(a) = -2*g(a) - 5*v(a). Let k = -3 + 16. Let q be j(k). Give s(q).
-9
Let x(f) be the second derivative of f**3/3 + 45*f. Calculate x(4).
8
Suppose -5*m + 0*k + 941 = -2*k, -m = -4*k - 199. Let f(j) = -93*j**2 + m*j**2 - 5 - 93*j**2 - 4*j. Let d = -3 - -7. Determine f(d).
-5
Let x(u) = 2*u + 6 + 4*u**2 + 0*u**3 + u + 4*u**3 - 5*u**3. Let q be (-4)/18 + 389/9. Let c = 48 - q. What is x(c)?
-4
Let x = -12 + 21. Let t be ((-2)/6)/((-1)/x). Let i(h) = 6*h**3 + 2*h**2 - h + 1. Let u(b) = -b**3 - b**2 + b - 1. Let g(w) = i(w) + 5*u(w). Determine g(t).
8
Let k(s) = 3*s**2 - 11*s - 8. Let g(x) = -142*x - 5*x**2 + 21*x**2 - 40 + 85*x. Let c(u) = 2*g(u) - 11*k(u). What is c(7)?
8
Let q(s) be the second derivative of -s**3/2 - 7*s**2/2 - 169*s + 1. Give q(4).
-19
Let f(y) be the first derivative of -y**2/2 + 10*y + 31. Suppose -3*s = 4*i - 16, -2*i = s + i - 12. Suppose s = -u - 1, -5 = -5*k + 3*u + 2*u. Determine f(k).
10
Let i(g) = g**3 + 8*g**2 + 6*g - 9. Let w be i(-7). Let b be w + (-1 - (-1 + -5)). Let l(d) = 2*d**2 + 3*d**b - d**3 + 3*d**2 + 7 - 3*d**3. What is l(5)?
7
Let g(z) be the second derivative of -z**3/6 - 3*z**2 - 9*z. Let d(i) = -5*i + 26. Let b be d(6). Give g(b).
-2
Let a(d) = -d**2 - 7*d. Let y = -49 - -64. Suppose 2*s + y = 5*i, 5*i - 25 = 3*s + s. Determine a(s).
10
Let s = 1601 - 1601. Let w(b) = b**2 - 2*b - 30. Give w(s).
-30
Let m(g) = g + 7. Let r(j) = -2*j - 6. Let h(i) = 6*m(i) + 4*r(i). Give h(13).
-8
Let t(s) = -s**2 + s + 1. Let v(w) = -w**3 - 14*w**2 - w - 15. Suppose -56 = 5*x - x. Let l be v(x). Give t(l).
-1
Let b = 30 + -30. Suppose r - 2*g - 14 = b, -5*r - 2*g + g + 15 = 0. Let p(f) = 3 - r*f + 3*f + 2*f + 2. Determine p(-5).
0
Let o(t) be the second derivative of t**3/6 - 15*t**2/2 - t. Let z be o(15). Let u(r) = -2 + r**2 + 19*r + z*r**2 - 13*r. What is u(-6)?
-2
Let m(h) = 123*h**2 - 364*h**2 + 117*h**2 + 125*h**2 - 6*h - 5. Give m(5).
-10
Let n(z) be the first derivative of -z**3/3 - 11*z**2/2 + 14*z - 347. Calculate n(-11).
14
Let s(u) = -236 + 2*u - 255 - u + 458. Determine s(0).
-33
Let p(x) = x**2 - 4*x + 4. Let b be 3/2*(-1 + (2 - 3)). Let g be (25/5 - 2)*b/(-3). Give p(g).
1
Let q(w) = 1 - 4*w + 6*w**3 + 0*w**3 + 3*w**2 - 3*w**2. Let g(c) = -5*c**3 - c**2 + 5*c - 2. Let l(t) = -2*g(t) - 3*q(t). Determine l(-1).
9
Let i(j) be the third derivative of -j**4/8 + 2*j**2 + j. Determine i(1).
-3
Let s be ((-16)/72)/((-1)/9). Let p(g) = -s*g - 3 - 7*g + 8*g. Determine p(6).
-9
Let o = -23 + 28. Suppose -o*f + 4*f - 7 = 0. Let x(d) = -2*d**2 - 4*d + d**2 - 6*d + 4*d. What is x(f)?
-7
Suppose 120*t - 25 = 115*t. Let a(p) = p - 7. Determine a(t).
-2
Let v = -10 + 7. Let p(r) = 2*r**2 - r + 13. Let x(j) = -3*j**2 + 2*j - 20. Let k(w) = -8*p(w) - 5*x(w). Calculate k(v).
-7
Let w(q) = -2*q + 2. Suppose 3*g - 3*t - 53 = -2*g, -5*t + 45 = 5*g. Suppose 0 = -g*r + 5*r. Suppose r*n - 6*n + 12 = 0. What is w(n)?
-2
Let c(p) = -p**2 - 7*p + 8. Let l(k) = 3*k + 6. Let q be l(-2). Suppose 3*t + q*t + 36 = -3*b, -5*b + 3*t = 28. Determine c(b).
0
Let w(r) = 6 + 4*r - 8 - 3*r + r**2 + 60*r**3 - 76*r**3. Determine w(1).
-16
Let l(o) = -5*o - 1. Suppose -5*v = -23 - 7. Suppose 2*j + 5 = -5*t - v, -3*j - t + 3 = 0. What is l(j)?
-11
Let p(y) = -9 + 16 - 5*y + 3*y**3 + 0 + 2*y**2. Let d(n) = 2*n**3 + 3*n**2 - 5*n + 6. Let b(v) = -4*d(v) + 3*p(v). Give b(5).
-3
Let q be (-8)/(-22) - (-13272)/(-924). Let t(f) = f - 1. Determine t(q).
-15
Let p(x) = x**3 - 1 - 4*x - x + x - 3*x**2 + 7*x - x. Suppose -1 = -f - 0*f. Give p(f).
-1
Let q(w) = -10*w + 17 - 22 - w. Give q(-2).
17
Let y(f) = 2*f - 1. Let a = 1033 + -1030. Give y(a).
5
Let o(f) = -5*f - 6*f + 19 + f - 14 + 11*f. Calculate o(-7).
-2
Let h(g) = g**3 - 5*g**2 + 10*g - 2. Let m(a) = -a**3 + 4*a**2 - 10*a + 2. Let w(c) = -7*h(c) - 6*m(c). Calculate w(10).
2
Let f(m) = -m**2 + 6*m - 3. Let j be f(2). Let n(x) = 41*x**2 - j - 21*x**2 - 19*x**2 + 0 - 5*x. What is n(5)?
-5
Let f be 5/1*23/(1035/972). Let s be ((-2)/(-6))/(-3 + 328/f). Let k(z) = z**3 - 10*z**2 + 9*z + 3. What is k(s)?
3
Let t be (1 - -1)/(-2) - (-1 - 10). Suppose t = -4*x + 34. Let p(w) = -w**2 + 9*w - 3. What is p(x)?
15
Let s(v) = -v**2 + 6*v + 8. Let m = 264 + -256. What is s(m)?
-8
Let d = 22 - 17. Suppose d = -12*f - 91. Let o(m) = m**2 + 10*m + 12. Determine o(f).
-4
Let r(a) = 11*a**2 + 34*a + 30. Let j(q) = -6*q**2 - 20*q - 15. Let w(z) = -9*j(z) - 5*r(z). Give w(7).
6
Let r(g) = 4*g + 7. Suppose -17 + 47 = -6*f. Determine r(f).
-13
Let v(o) = 3*o**2 - 20*o + 4. Suppose 3*p - 2*c = 10, 5*p + 3*c - 30 = 12. Calculate v(p).
-8
Suppose 4*d - 3*q + 54 = d